{"id":89,"date":"2020-07-15T21:43:32","date_gmt":"2020-07-15T21:43:32","guid":{"rendered":"https:\/\/anjakrafczyk.de\/?page_id=89"},"modified":"2023-03-20T20:49:35","modified_gmt":"2023-03-20T20:49:35","slug":"entspannungsverfahren","status":"publish","type":"page","link":"https:\/\/anjakrafczyk.de\/?page_id=89","title":{"rendered":"Entspannungsverfahren"},"content":{"rendered":"\n<h2 class=\"wp-block-heading\" id=\"cc-m-header-8320824885\">Entspannungskurse<\/h2>\n\n\n\n<h3 class=\"wp-block-heading\" id=\"cc-m-header-8324648485\">Angebote<\/h3>\n\n\n\n<ul class=\"wp-block-list\">\n<li>Progressive Muskelrelaxation<\/li>\n\n\n\n<li>Autogenes Training<\/li>\n\n\n\n<li>Meditation und Achtsamkeitstraining<\/li>\n\n\n\n<li>Fantasiereisen \/ Traumreisen<\/li>\n\n\n\n<li>Klangentspannungskurse<\/li>\n\n\n\n<li>Atemtechniken<\/li>\n\n\n\n<li>u.a.<\/li>\n<\/ul>\n\n\n\n<h3 class=\"wp-block-heading\" id=\"cc-m-header-9994518085\">KLANG-Entspannungsreise f\u00fcr Erwachsene<\/h3>\n\n\n\n<p>In diesem Kurs begeben sich die Teilnehmer in kleinen Gruppen auf eine Entspannungsreise, eingeh\u00fcllt von T\u00f6nen wohlklingender Klangschalen oder einige andere Klanginstrumente. Die Klangschalen f\u00fcllen den Raum mit ihrem harmonisierenden und entspannenden Klang. Sie ergeben einen Klangteppich, auf dem sich ein Gef\u00fchl des Getragenseins und der Geborgenheit einstellen kann. Lauschen Sie den Kl\u00e4ngen und lassen Sie den Alltag f\u00fcr eine Weile ziehen. Erg\u00e4nzend nutze ich Fantasiegeschichten oder Traumreisen, um Sie in die Entspannung zu begleiten. So kann ein tiefes Loslassen und Treibenlassen erfolgen. Genie\u00dfen Sie eine Reise in Ihr Inneres ohne Ziel und Zwang.<\/p>\n\n\n\n<p><strong>Termine 2023<\/strong> (in Planung) <\/p>\n\n\n\n<p>weitere Termine oder Gruppentermine auf Anfrage m\u00f6glich&nbsp;<\/p>\n\n\n\n<p><em>Kontaktieren Sie mich gern, dann kann ich Sie<\/em> <em>in einen Terminverteiler aufnehmen.<\/em><\/p>\n\n\n\n<hr class=\"wp-block-separator has-alpha-channel-opacity\"\/>\n\n\n\n<p>Sie sind eine Gruppe, die gern einen Kurs buchen wollen? Kontaktieren Sie mich gern, die Organisation f\u00fcr Gruppen ist ab 6 Personen m\u00f6glich.<\/p>\n","protected":false},"excerpt":{"rendered":"<p>Entspannungskurse Angebote KLANG-Entspannungsreise f\u00fcr Erwachsene In diesem Kurs begeben sich die Teilnehmer in kleinen Gruppen auf eine Entspannungsreise, eingeh\u00fcllt von T\u00f6nen wohlklingender Klangschalen oder einige andere Klanginstrumente. Die Klangschalen f\u00fcllen den Raum mit ihrem harmonisierenden und entspannenden Klang. Sie ergeben einen Klangteppich, auf dem sich ein Gef\u00fchl des Getragenseins und der Geborgenheit einstellen kann. Lauschen [&hellip;]<\/p>\n","protected":false},"author":1,"featured_media":0,"parent":0,"menu_order":0,"comment_status":"closed","ping_status":"closed","template":"","meta":{"footnotes":""},"class_list":["post-89","page","type-page","status-publish","hentry"],"_links":{"self":[{"href":"https:\/\/anjakrafczyk.de\/index.php?rest_route=\/wp\/v2\/pages\/89","targetHints":{"allow":["GET"]}}],"collection":[{"href":"https:\/\/anjakrafczyk.de\/index.php?rest_route=\/wp\/v2\/pages"}],"about":[{"href":"https:\/\/anjakrafczyk.de\/index.php?rest_route=\/wp\/v2\/types\/page"}],"author":[{"embeddable":true,"href":"https:\/\/anjakrafczyk.de\/index.php?rest_route=\/wp\/v2\/users\/1"}],"replies":[{"embeddable":true,"href":"https:\/\/anjakrafczyk.de\/index.php?rest_route=%2Fwp%2Fv2%2Fcomments&post=89"}],"version-history":[{"count":8,"href":"https:\/\/anjakrafczyk.de\/index.php?rest_route=\/wp\/v2\/pages\/89\/revisions"}],"predecessor-version":[{"id":401,"href":"https:\/\/anjakrafczyk.de\/index.php?rest_route=\/wp\/v2\/pages\/89\/revisions\/401"}],"wp:attachment":[{"href":"https:\/\/anjakrafczyk.de\/index.php?rest_route=%2Fwp%2Fv2%2Fmedia&parent=89"}],"curies":[{"name":"wp","href":"https:\/\/api.w.org\/{rel}","templated":true}]}}