{"id":373,"date":"2023-03-15T12:42:52","date_gmt":"2023-03-15T12:42:52","guid":{"rendered":"https:\/\/anjakrafczyk.de\/?page_id=373"},"modified":"2023-03-17T11:54:09","modified_gmt":"2023-03-17T11:54:09","slug":"uebungen-aus-dem-projekt-tek-multiplikatorenkonzept","status":"publish","type":"page","link":"https:\/\/anjakrafczyk.de\/?page_id=373","title":{"rendered":"\u00dcbungen aus dem Projekt TEK-Multiplikatorenkonzept"},"content":{"rendered":"\n<h4 class=\"wp-block-heading\">Training emotionaler Kompetenzen &#8211; Audiodateien &#8211; aus dem TEK &#8211; Multiplikatorenkonzept<\/h4>\n\n\n\n<h5 class=\"wp-block-heading\">Entstehung<\/h5>\n\n\n\n<p>Im Rahmen des Projektes <a href=\"https:\/\/www.fh-zwickau.de\/gpw\/forschung\/forschungsprojekt-tek-rettungsdienst\/\" target=\"_blank\" rel=\"noreferrer noopener\">TEK &#8211; Multiplikatorenkonezpt &#8211; Training emotionaler Kompetenzen im Rettungsdienst f\u00fcr Praxisanleiter*innen<\/a> arbeite ich als wissenschaftliche Mitarbeiterin mit Rettungsdienstbesch\u00e4ftigten des DRK Sachsen. In Anlehnung an das Training emotionaler Kompetenzen nach Berking (2017; TEK) erstellte ich innerhalb des Projektes erg\u00e4nzende Audiodateien. F\u00fcr unsere Teilnehmenden und Teilnehmende meiner TEK-Kurse k\u00f6nnen die Audiodateien erg\u00e4nzend genutzt werden. <\/p>\n\n\n\n<iframe loading=\"lazy\" width=\"100%\" height=\"450\" scrolling=\"no\" frameborder=\"no\" allow=\"autoplay\" src=\"https:\/\/w.soundcloud.com\/player\/?url=https%3A\/\/api.soundcloud.com\/playlists\/1575096766%3Fsecret_token%3Ds-DlcXFFkV7h7&#038;color=%23ff5500&#038;auto_play=false&#038;hide_related=false&#038;show_comments=true&#038;show_user=true&#038;show_reposts=false&#038;show_teaser=true&#038;visual=true\"><\/iframe><div style=\"font-size: 10px; color: #cccccc;line-break: anywhere;word-break: normal;overflow: hidden;white-space: nowrap;text-overflow: ellipsis; font-family: Interstate,Lucida Grande,Lucida Sans Unicode,Lucida Sans,Garuda,Verdana,Tahoma,sans-serif;font-weight: 100;\"><a href=\"https:\/\/soundcloud.com\/salsapuppe\" title=\"A. Krafczyk\" target=\"_blank\" style=\"color: #cccccc; text-decoration: none;\" rel=\"noopener\">A. Krafczyk<\/a> \u00b7 <a href=\"https:\/\/soundcloud.com\/salsapuppe\/sets\/tek-projekt-aufnahmen\" title=\"TEK-Projekt - Aufnahmen\" target=\"_blank\" style=\"color: #cccccc; text-decoration: none;\" rel=\"noopener\">TEK-Projekt &#8211; Aufnahmen<\/a><\/div>\n","protected":false},"excerpt":{"rendered":"<p>Training emotionaler Kompetenzen &#8211; Audiodateien &#8211; aus dem TEK &#8211; Multiplikatorenkonzept Entstehung Im Rahmen des Projektes TEK &#8211; Multiplikatorenkonezpt &#8211; Training emotionaler Kompetenzen im Rettungsdienst f\u00fcr Praxisanleiter*innen arbeite ich als wissenschaftliche Mitarbeiterin mit Rettungsdienstbesch\u00e4ftigten des DRK Sachsen. In Anlehnung an das Training emotionaler Kompetenzen nach Berking (2017; TEK) erstellte ich innerhalb des Projektes erg\u00e4nzende Audiodateien. [&hellip;]<\/p>\n","protected":false},"author":1,"featured_media":0,"parent":180,"menu_order":0,"comment_status":"closed","ping_status":"closed","template":"","meta":{"footnotes":""},"class_list":["post-373","page","type-page","status-publish","hentry"],"_links":{"self":[{"href":"https:\/\/anjakrafczyk.de\/index.php?rest_route=\/wp\/v2\/pages\/373","targetHints":{"allow":["GET"]}}],"collection":[{"href":"https:\/\/anjakrafczyk.de\/index.php?rest_route=\/wp\/v2\/pages"}],"about":[{"href":"https:\/\/anjakrafczyk.de\/index.php?rest_route=\/wp\/v2\/types\/page"}],"author":[{"embeddable":true,"href":"https:\/\/anjakrafczyk.de\/index.php?rest_route=\/wp\/v2\/users\/1"}],"replies":[{"embeddable":true,"href":"https:\/\/anjakrafczyk.de\/index.php?rest_route=%2Fwp%2Fv2%2Fcomments&post=373"}],"version-history":[{"count":4,"href":"https:\/\/anjakrafczyk.de\/index.php?rest_route=\/wp\/v2\/pages\/373\/revisions"}],"predecessor-version":[{"id":382,"href":"https:\/\/anjakrafczyk.de\/index.php?rest_route=\/wp\/v2\/pages\/373\/revisions\/382"}],"up":[{"embeddable":true,"href":"https:\/\/anjakrafczyk.de\/index.php?rest_route=\/wp\/v2\/pages\/180"}],"wp:attachment":[{"href":"https:\/\/anjakrafczyk.de\/index.php?rest_route=%2Fwp%2Fv2%2Fmedia&parent=373"}],"curies":[{"name":"wp","href":"https:\/\/api.w.org\/{rel}","templated":true}]}}