{"id":144,"date":"2021-03-08T14:25:58","date_gmt":"2021-03-08T14:25:58","guid":{"rendered":"https:\/\/anjakrafczyk.de\/?page_id=144"},"modified":"2022-02-10T14:54:50","modified_gmt":"2022-02-10T14:54:50","slug":"onlineangebot","status":"publish","type":"page","link":"https:\/\/anjakrafczyk.de\/?page_id=144","title":{"rendered":"Onlineangebot"},"content":{"rendered":"\n<h2 class=\"wp-block-heading\" id=\"fur-mehr-flexibilitat-und-unabhangigkeit\">F\u00fcr mehr Flexibilit\u00e4t und Unabh\u00e4ngigkeit<\/h2>\n\n\n\n<p><\/p>\n\n\n\n<h3 class=\"wp-block-heading\" id=\"vereinbaren-sie-hier-ihren-termin-fur-ein-beratungsgesprach\">Vereinbaren Sie <a href=\"https:\/\/anjakrafczyk.de\/kontakt\">hier<\/a> Ihren Termin f\u00fcr ein Beratungsgespr\u00e4ch. <\/h3>\n\n\n\n<h3 class=\"wp-block-heading\" id=\"methoden\">Methoden<\/h3>\n\n\n\n<ul class=\"wp-block-list\"><li>Methoden zur Ressourcenst\u00e4rkung, Entscheidungsfindung, Zielfokussierung und L\u00f6sungsorientierung<\/li><li>Visualisierung von Fragestellungen mittels Systembrett<\/li><li>Genogramm- \/ Biografiearbeit<\/li><li>Systemische Strukturaufstellung<\/li><li>Emotionsregulationstraining (in Anlehnung an TEK -Training emotionaler Kompetenzen nach Matthias Berking)<\/li><li>Paarkommunikationstrainings (in Anlehnung an KOMKOM &#8211; KOMmunikationKOMpetenz in der Paarberatung Joachim Engl &amp; Franz Thurmaier)<\/li><li>Stressbew\u00e4ltigungstraining<\/li><\/ul>\n\n\n\n<p>weitere Methoden nach Bedarf<\/p>\n\n\n\n<h3 class=\"wp-block-heading\" id=\"durchfuhrung-der-beratung\">Durchf\u00fchrung der Beratung<\/h3>\n\n\n\n<p>Die Beratungen werden wir nach Absprache bei Zoom oder bei Skype durchf\u00fchren. Sofern Sie diese Tools nicht w\u00fcnschen, k\u00f6nnen wir dies gern in einer pers\u00f6nlichen Absprache kl\u00e4ren und nach einer Alternative suchen. <\/p>\n","protected":false},"excerpt":{"rendered":"<p>F\u00fcr mehr Flexibilit\u00e4t und Unabh\u00e4ngigkeit Vereinbaren Sie hier Ihren Termin f\u00fcr ein Beratungsgespr\u00e4ch. Methoden Methoden zur Ressourcenst\u00e4rkung, Entscheidungsfindung, Zielfokussierung und L\u00f6sungsorientierung Visualisierung von Fragestellungen mittels Systembrett Genogramm- \/ Biografiearbeit Systemische Strukturaufstellung Emotionsregulationstraining (in Anlehnung an TEK -Training emotionaler Kompetenzen nach Matthias Berking) Paarkommunikationstrainings (in Anlehnung an KOMKOM &#8211; KOMmunikationKOMpetenz in der Paarberatung Joachim Engl &amp; [&hellip;]<\/p>\n","protected":false},"author":1,"featured_media":0,"parent":78,"menu_order":0,"comment_status":"closed","ping_status":"closed","template":"","meta":{"footnotes":""},"class_list":["post-144","page","type-page","status-publish","hentry"],"_links":{"self":[{"href":"https:\/\/anjakrafczyk.de\/index.php?rest_route=\/wp\/v2\/pages\/144","targetHints":{"allow":["GET"]}}],"collection":[{"href":"https:\/\/anjakrafczyk.de\/index.php?rest_route=\/wp\/v2\/pages"}],"about":[{"href":"https:\/\/anjakrafczyk.de\/index.php?rest_route=\/wp\/v2\/types\/page"}],"author":[{"embeddable":true,"href":"https:\/\/anjakrafczyk.de\/index.php?rest_route=\/wp\/v2\/users\/1"}],"replies":[{"embeddable":true,"href":"https:\/\/anjakrafczyk.de\/index.php?rest_route=%2Fwp%2Fv2%2Fcomments&post=144"}],"version-history":[{"count":17,"href":"https:\/\/anjakrafczyk.de\/index.php?rest_route=\/wp\/v2\/pages\/144\/revisions"}],"predecessor-version":[{"id":304,"href":"https:\/\/anjakrafczyk.de\/index.php?rest_route=\/wp\/v2\/pages\/144\/revisions\/304"}],"up":[{"embeddable":true,"href":"https:\/\/anjakrafczyk.de\/index.php?rest_route=\/wp\/v2\/pages\/78"}],"wp:attachment":[{"href":"https:\/\/anjakrafczyk.de\/index.php?rest_route=%2Fwp%2Fv2%2Fmedia&parent=144"}],"curies":[{"name":"wp","href":"https:\/\/api.w.org\/{rel}","templated":true}]}}